 a multiple of 46?
True
Is 535872 a multiple of 48?
True
Is 18 a factor of 4891564?
False
Does 2 divide 3470?
True
Is 88275 a multiple of 55?
True
Is 30 a factor of 82988?
False
Does 25 divide 549150?
True
Does 603 divide 381699?
True
Is 94554 a multiple of 8?
False
Does 288 divide 45792?
True
Is 294 a factor of 1606032?
False
Is 1128 a factor of 6682726?
False
Is 17 a factor of 621374?
False
Is 22549 a multiple of 11?
False
Is 3489173 a multiple of 816?
False
Is 1402989 a multiple of 9?
False
Is 134232 a multiple of 564?
True
Does 648 divide 7967160?
True
Is 583 a factor of 466713?
False
Does 126 divide 280020?
False
Is 23 a factor of 21827?
True
Is 353759 a multiple of 7?
True
Is 216 a factor of 2454827?
False
Is 6936820 a multiple of 55?
True
Is 1283483 a multiple of 103?
True
Is 33 a factor of 155386?
False
Is 3 a factor of 7488456?
True
Is 1220592 a multiple of 16?
True
Is 737751 a multiple of 19?
True
Does 212 divide 111562?
False
Is 249839 a multiple of 22?
False
Does 79 divide 11408?
False
Is 4863429 a multiple of 213?
True
Does 28 divide 64036?
True
Is 104 a factor of 278170?
False
Is 33915011 a multiple of 23?
False
Is 5716913 a multiple of 191?
False
Does 159 divide 13807514?
False
Is 246922 a multiple of 33?
False
Is 36 a factor of 3284748?
True
Is 40 a factor of 1117520?
True
Does 32 divide 1888?
True
Is 21 a factor of 930867?
True
Does 76 divide 1827876?
True
Is 17021556 a multiple of 9?
True
Does 128 divide 750080?
True
Does 68 divide 58749?
False
Does 247 divide 811563?
False
Is 22 a factor of 427900?
True
Is 3451860 a multiple of 36?
True
Does 84 divide 2042040?
True
Is 193093 a multiple of 285?
False
Does 17 divide 4857325?
True
Does 8 divide 1059042?
False
Is 547 a factor of 4671456?
False
Is 17 a factor of 1235730?
True
Is 801290 a multiple of 174?
False
Is 273312 a multiple of 52?
True
Is 9029448 a multiple of 8?
True
Is 116 a factor of 174579?
False
Is 3843797 a multiple of 76?
False
Is 13 a factor of 188492?
False
Is 92814 a multiple of 499?
True
Is 35643 a multiple of 12?
False
Is 2772 a multiple of 22?
True
Is 17002440 a multiple of 756?
True
Is 797182 a multiple of 272?
False
Does 18 divide 1237806?
True
Is 209144 a multiple of 13?
True
Is 500867 a multiple of 151?
True
Is 4165851 a multiple of 45?
False
Is 41 a factor of 4341039?
True
Does 44 divide 3580551?
False
Is 14859 a multiple of 12?
False
Is 392340 a multiple of 20?
True
Does 304 divide 976453?
False
Is 308 a factor of 158155?
False
Does 454 divide 804488?
True
Is 15 a factor of 27041051?
False
Does 196 divide 390238?
False
Is 49 a factor of 866957?
True
Is 123 a factor of 449073?
True
Is 88715 a multiple of 3?
False
Is 6 a factor of 92200?
False
Does 4 divide 590052?
True
Does 853 divide 2263502?
False
Is 605778 a multiple of 51?
True
Does 207 divide 137034?
True
Does 23 divide 631741?
True
Is 5774146 a multiple of 314?
True
Is 294 a factor of 2413177?
False
Does 125 divide 20000?
True
Is 77308 a multiple of 28?
True
Does 15 divide 691050?
True
Is 16 a factor of 109500?
False
Is 11 a factor of 5144382?
False
Does 14 divide 36596?
True
Is 20742020 a multiple of 408?
False
Is 23473 a multiple of 115?
False
Is 9 a factor of 66240?
True
Is 237782 a multiple of 229?
False
Is 274096 a multiple of 74?
True
Is 4 a factor of 6336082?
False
Does 69 divide 7797?
True
Is 358966 a multiple of 146?
False
Is 34 a factor of 1784587?
False
Is 215 a factor of 1926185?
True
Is 1075947 a multiple of 867?
True
Does 20 divide 8927071?
False
Is 532467 a multiple of 13?
True
Does 349 divide 72941?
True
Does 157 divide 10625444?
False
Does 88 divide 34428?
False
Is 82 a factor of 887978?
True
Is 2220 a factor of 18719040?
True
Is 62883 a multiple of 411?
True
Is 27092 a multiple of 2?
True
Is 401328 a multiple of 8?
True
Is 231678 a multiple of 76?
False
Is 14 a factor of 62?
False
Does 473 divide 3383832?
False
Does 20 divide 2611578?
False
Is 66642 a multiple of 174?
True
Is 2651913 a multiple of 27?
True
Is 249843 a multiple of 16?
False
Does 22 divide 37932?
False
Is 1515 a multiple of 15?
True
Is 45 a factor of 50445?
True
Does 2283 divide 393895?
False
Is 264 a factor of 2461322?
False
Does 596 divide 413725?
False
Is 3 a factor of 783934?
False
Is 175632 a multiple of 16?
True
Is 5059343 a multiple of 49?
False
Is 597 a factor of 439392?
True
Is 1218 a factor of 1863540?
True
Is 7 a factor of 700392?
True
Is 1762384 a multiple of 327?
False
Does 29 divide 454140?
True
Is 6 a factor of 4041690?
True
Is 2649528 a multiple of 39?
False
Does 131 divide 4824075?
True
Does 23 divide 1886?
True
Is 796 a factor of 1246536?
True
Is 5 a factor of 31345?
True
Does 36 divide 15851?
False
Is 284864 a multiple of 14?
False
Does 27 divide 1350456?
False
Is 29172 a multiple of 143?
True
Does 11 divide 16192?
True
Is 286227 a multiple of 15?
False
Does 36 divide 5009616?
True
Does 26 divide 6531512?
True
Is 25 a factor of 214033?
False
Is 7443451 a multiple of 589?
False
Does 9 divide 2751399?
True
Does 5 divide 1024335?
True
Is 20524 a multiple of 27?
False
Does 122 divide 31989?
False
Is 98646 a multiple of 3?
True
Is 646585 a multiple of 89?
True
Is 625 a factor of 5741250?
True
Does 46 divide 15407?
False
Does 43 divide 39262?
False
Is 228 a factor of 684684?
True
Is 153 a factor of 13005?
True
Is 1817700 a multiple of 332?
True
Is 33 a factor of 48803?
False
Is 15 a factor of 111049?
False
Does 865 divide 1309057?
False
Does 162 divide 101412?
True
Is 27 a factor of 7835346?
True
Is 40 a factor of 7939391?
False
Is 17 a factor of 519695?
False
Is 7505808 a multiple of 24?
True
Is 132888 a multiple of 168?
True
Does 16 divide 3854448?
True
Does 11 divide 8135867?
False
Is 492 a factor of 281120?
False
Does 14 divide 3261208?
False
Does 200 divide 8424400?
True
Is 92245 a multiple of 29?
False
Does 234 divide 266660?
False
Does 15 divide 1856107?
False
Does 104 divide 35256?
True
Is 79 a factor of 3294228?
False
Is 329732 a multiple of 149?
False
Does 67 divide 2274110?
False
Does 450 divide 4022190?
False
Is 92 a factor of 1378490?
False
Is 33 a factor of 1132400?
False
Does 33 divide 124028?
False
Is 3246210 a multiple of 594?
True
Is 543917 a multiple of 197?
True
Is 11 a factor of 3172092?
True
Is 201934 a multiple of 7?
False
Is 124505 a multiple of 67?
False
Is 1088 a factor of 1625321?
False
Is 27 a factor of 284222?
False
Does 13 divide 3269576?
False
Is 292 a factor of 187464?
True
Is 2657940 a multiple of 930?
True
Is 7192555 a multiple of 306?
False
Does 11 divide 1217803?
False
Is 8 a factor of 210010?
False
Is 29 a factor of 195123?
False
Does 37 divide 663484?
True
Does 276 divide 10764?
True
Is 11 a factor of 93581?
False
Is 13 a factor of 59371?
True
Is 580640 a multiple of 369?
False
Does 16 divide 358352?
True
Is 171 a factor of 1097680?
False
Is 3346919 a multiple of 29?
True
Is 25942928 a multiple of 15?
False
Is 24 a factor of 64831?
False
Is 563 a factor of 141310?
False
Is 42 a factor of 444360?
True
Is 7 a factor of 15169?
True
Is 923 a factor of 3420172?
False
Does 231 divide 8263563?
True
Is 479 a factor of 337144?
False
Is 337 a factor of 7741227?
True
Does 723 divide 1319890?
False
Is 511339 a multiple of 1127?
False
Does 5 divide 560557?
False
Is 327 a factor of 289068?
True
Does 87 divide 1789416?
True
Is 2 a factor of 7114?
True
Is 224840 a multiple of 280?
True
Does 90 divide 27000?
True
Is 447 a factor of 1260237?
False
Does 18 divide 12352380?
False
Is 1820799 a multiple of 34?
False
Is 1581567 a multiple of 2?
False
Is 194832 a multiple of 48?
True
Does 65 divide 1079195?
True
Is 713916 a multiple of 12?
True
Is 489 a factor of 14629063?
False
Does 15 divide 2148848?
False
Is 112 a factor of 7100129?
False
Does 49 divide 18677?
False
Is 201 a factor of 116372?
False
Is 614412 a multiple of 78?
False
Does 479 divide 6193470?
True
Is 795648 a multiple of 32?
True
Does 164 divide 515412?
False
Is 13 a factor of 953771?
True
Is 3 a factor of 155478?
True
Is 108749 a multiple of 194?
False
Is 36 a factor of 1314396?
True
Is 501054 a multiple of 701?
False
Is 16 a factor of 376747?
False
Is 6 a factor of 4985592?
True
Is 121 a factor of 642739?
False
Is 33 a factor of 164692?
False
Is 32 a factor of 1544467?
False
Is 1578772 a multiple of 626?
True
Does 68